
4
Let a = 609 + -554. Suppose 9*j - 4*j = 25. Calculate the greatest common factor of j and a.
5
Let m = 279 + -128. Suppose 0 = 4*w, -3*b + 2*w - 213 = -w. Let t = b + m. Calculate the highest common factor of t and 10.
10
Suppose -248 = -7*j + 116. Calculate the greatest common factor of 468 and j.
52
Suppose 2624 = 4*b - 0*l - 4*l, b = 2*l + 654. Suppose -4*p = 0, 5*p = 4*n + 226 - b. Calculate the greatest common factor of n and 12.
12
Let l(r) = r**3 - 4*r**2 - 5*r - 1. Let y be l(6). Let n be 5 - 724/(-2) - -7 - 5. What is the greatest common divisor of y and n?
41
Suppose -316 + 330 = 7*v. What is the greatest common divisor of 4 and v?
2
Suppose -d = -3 - 1. Suppose 5*s + 20 = -0*s, -d*s = x. Let m = -276 - -388. What is the highest common divisor of x and m?
16
Let h(j) = -6*j**3 + j**2 + j + 1. Let f = 11 + -8. Let m be (f/9)/((-2)/6). Let r be h(m). What is the greatest common divisor of 56 and r?
7
Suppose 126 = -3*c + 10*c. Let w be (45/3 - 3)/2. Let k(a) = 2*a**2. Let r be k(w). What is the greatest common factor of r and c?
18
Suppose -60 = -5*w + 5*v, -3*w - 2*v - 44 = -7*w. Calculate the greatest common divisor of w and 70.
10
Let j(k) = -2*k**3 + 0*k**3 - 22 + 14*k + 28 + 3*k**3 - 8*k**2. Let u be j(6). Calculate the greatest common factor of 198 and u.
18
Let h(p) = -p**2 + 81. Suppose -2*y - 20 = -3*y. Let g be (0 + 0)/(y/(-10)). Let j be h(g). Calculate the greatest common factor of 9 and j.
9
Let l be (-5 - -3 - (-3)/(-1)) + 2. Let z(h) = -3*h + 3. Let k be z(l). What is the greatest common factor of k and 4?
4
Let d be (-10)/(-45) - (-32)/18. Suppose 0 = -d*p + 6*p - 92. What is the greatest common divisor of 23 and p?
23
Let s(g) = -52*g - 197. Let k be s(-5). Let m = 29 - 20. What is the highest common factor of k and m?
9
Suppose 186 = 3*t + 4*u, -248 = -4*t - 0*t + 4*u. What is the highest common factor of t and 155?
31
Let t(x) = x**2 + 3*x + 4. Let w be t(-3). Let s be (w - 19)*2/(-6). What is the highest common divisor of 1 and s?
1
Let x(k) = k + 9. Let w(h) = h**3 + 6*h**2 + 5*h - 7. Let n be w(-5). Let o be x(n). Calculate the greatest common factor of 14 and o.
2
Let k = 2095 - 1381. Calculate the highest common divisor of 34 and k.
34
Suppose -20*p = -31*p + 935. Let x be -2*(-4 - -3) + 15. Calculate the greatest common divisor of x and p.
17
Let v(m) = -m**3 + 10*m**2 - 4*m - 3. Let q be v(7). Suppose 0 = 5*r - 3*t - q, -2*r - 5*t = -r - 12. Calculate the greatest common factor of 88 and r.
22
Suppose 4*s + 5*l - 132 = -5, -4*s + l + 109 = 0. Calculate the greatest common factor of 56 and s.
28
Let o be 20/(-70) - (-121)/7. Let r = -8 + o. Calculate the highest common divisor of 63 and r.
9
Let o be (1/2)/((-4)/(-192)). Let h = 49 + -29. Suppose 0 = -5*u + 2*x + 38, -h = -4*u - 3*x + 15. What is the highest common factor of o and u?
8
Let c be (-33 + 23)*(-1248)/15. What is the highest common divisor of c and 192?
64
Let q(y) = -y**3 + 6*y**2 - y + 13. Let x(r) = -r**3 + 19*r**2 - r + 25. Let l be x(19). Let u be q(l). Calculate the greatest common factor of u and 21.
7
Let l(d) = 6*d**2 - 11*d + 26. Let j be l(4). What is the highest common divisor of j and 6?
6
Let b(t) = t**2 - 18*t + 61. Let k be b(14). What is the greatest common divisor of k and 3?
1
Suppose y = 5*r - 86, 29 = r - 5*y + 7. Calculate the highest common factor of r and 1207.
17
Let v be (106*(2 - 1))/(-1*2). Let b = 585 - v. Calculate the highest common factor of 58 and b.
58
Let y be ((-16)/(-40))/(5/4000). Calculate the highest common divisor of 288 and y.
32
Suppose -4*l + 59 = -117. Let h = l - -11. Let j be (-5)/((-2)/(-2)*-1). Calculate the greatest common divisor of j and h.
5
Let f = -466 + 468. What is the greatest common factor of 7 and f?
1
Suppose 2 = 43*s - 41*s. What is the greatest common factor of 19 and s?
1
Let d(u) = u**3 + 24*u**2 - u - 21. Let b be d(-24). Suppose 0 = b*t - 5*a - 49, 3*a = 2*t + t - 51. What is the greatest common divisor of 126 and t?
18
Let d(p) = 3*p**2 + 7*p - 63. Let i be d(9). Calculate the greatest common factor of i and 18.
9
Suppose -9*t = -t - 96. Let f be (1 - 4)*(-33 - t). Calculate the highest common divisor of f and 15.
15
Let g = 290 + -47. Suppose -l = 2*l - 81. What is the greatest common factor of l and g?
27
Let s = -2387 - -2587. What is the highest common divisor of 30 and s?
10
Let f = 2375 + -2365. Suppose 5*m = 33 + 17. Calculate the highest common factor of m and f.
10
Let q be 4/(-8) - (-66)/4. Suppose 16 = 4*t, -72 = -5*u + t + t. What is the highest common factor of q and u?
16
Let f(p) = -2*p**3 - 14*p**2 - 2*p + 6. Let h be f(-7). Let b = -24 + 54. What is the greatest common factor of h and b?
10
Suppose 5*f + 2 = 52. Suppose -v - 2 = -f. Calculate the greatest common divisor of 24 and v.
8
Let d be (-1 + -1 - (4 + -7))*19. Let o be (1 + 1)*(-10)/(-4). Let l(g) = 8*g - 2. Let f be l(o). What is the highest common divisor of d and f?
19
Let p(j) = 30*j**2 + 8*j - 21. Let u be p(2). Calculate the greatest common divisor of u and 92.
23
Let q(i) = 2*i**2 - 7*i - 14. Let o = 72 + -65. Let g be q(o). Let h(w) = -157*w + 1. Let k be h(-2). What is the greatest common divisor of k and g?
35
Let l be 72/10*(-25)/(-15). Calculate the greatest common divisor of 52 and l.
4
Let z(l) = -9*l - 4. Let t(i) = -3*i - 1. Let c(v) = 17*t(v) - 6*z(v). Let o be c(7). Calculate the greatest common divisor of o and 42.
14
Let a(k) = 3*k**2 + 52*k + 124. Let w be a(-21). What is the greatest common factor of 142 and w?
71
Let y(d) = -d**3 - 5*d**2 - 7*d - 11. Let p be y(-5). Let q be (-1)/(-2)*4 - -70. Calculate the greatest common factor of q and p.
24
Suppose j - 352 = -j. Let t be 3076/12 + 2/(-6). Suppose 22*f = 6*f + t. What is the highest common divisor of j and f?
16
Let a be (-74)/3 + (-3)/9. Let f = -19 - 3. Let x = f - a. What is the highest common factor of x and 3?
3
Let b(y) = -y + 8. Let o be b(-5). Let d be 856/o + (-8)/(-52). Suppose -d = -3*t - 3*v, -3*v + 38 = 2*t - 7*v. What is the highest common factor of 14 and t?
7
Suppose -2*t = 2*x + 460, -3*t + x + 4*x - 674 = 0. Let y be t/(-16) + (3 - (-52)/(-16)). What is the greatest common factor of y and 21?
7
Let r(c) = -c**2 + 20*c - 41. Let m be r(8). What is the greatest common factor of m and 209?
11
Suppose 44*n = 40*n - 80. Let x be (-10)/n - (2 + 61/(-2)). Calculate the greatest common divisor of 87 and x.
29
Suppose 0 = -p + 2*n + 114, 4*p + 0*n + 4*n - 396 = 0. Suppose 3*k + s - 12 = 2*k, -4*k = -5*s - 12. Calculate the highest common divisor of k and p.
8
Let r = -26 - -68. Suppose 2*j - j - 2*j = 0. Suppose -1 + 10 = x + k, j = -5*k - 25. What is the greatest common divisor of x and r?
14
Suppose -4*q + 840 = 6*q. Let a be (-4)/10*1 - (-142)/5. What is the highest common factor of a and q?
28
Let q(g) = 9*g**2 - 207*g + 47. Let m be q(23). What is the highest common factor of 1504 and m?
47
Let m(k) be the first derivative of 2*k**3 - 4*k - 10. Let l be m(-2). Suppose u + 5*r = 30, 2*u = -r + 3 + 12. What is the highest common factor of u and l?
5
Suppose -3*q = 3*q - 18. Suppose 5*r - 77 = q*o + 69, -5*o + 77 = 2*r. What is the greatest common factor of 279 and r?
31
Suppose 4*d = -5*y + 24, 2 = -3*d - 3*y + 17. Suppose -35 = -2*h - d. Calculate the greatest common divisor of 17 and h.
17
Suppose 0*a - 6 = w - a, -3*a + 8 = -w. Let i = w + 11. Let y = 13 + -11. What is the greatest common factor of y and i?
2
Let d = 4313 + -4292. Let i(p) = -p + 14. Let t be i(0). What is the greatest common divisor of t and d?
7
Let d(u) = 17 + 0*u + u - 2*u + 3. Let n be d(14). Let m(t) = t**2 - 8*t + 6. Let k be m(9). Calculate the greatest common divisor of n and k.
3
Let i be (24/14)/(144/224)*15. Calculate the highest common divisor of 120 and i.
40
Suppose 5 = -c, -w + 2*c - 6 = -5*w. Let t = -4 + w. Let a be 8*(t + 1) - -3. Calculate the highest common factor of 1 and a.
1
Let d(a) = a**2 - 2*a - 7. Let i be d(5). Suppose -4*b - 286 + 1438 = 0. Suppose -l = -5*l + b. Calculate the greatest common divisor of i and l.
8
Suppose 172 + 3 = 5*b. Suppose 0*g + 3*g = -a + 36, 4*g + 64 = 4*a. What is the highest common divisor of a and b?
7
Let n = -13 + 18. Suppose n*k + 9 = 4*t, -5 - 1 = t - 4*k. Let a(s) = s**3 - 5*s**2 + 